{"id":258,"date":"2013-12-10T12:53:38","date_gmt":"2013-12-10T11:53:10","guid":{"rendered":"http:\/\/halsnoydokk.no\/?page_id=258"},"modified":"2026-02-18T11:17:04","modified_gmt":"2026-02-18T10:17:04","slug":"ledige-stillinger","status":"publish","type":"page","link":"http:\/\/halsnoydokk.no\/?page_id=258","title":{"rendered":"Ledige stillinger"},"content":{"rendered":"<p>&nbsp;<\/p>\n<h2 style=\"text-align: center;\">HALSN\u00d8Y DOKK AS S\u00d8KER:<\/h2>\n<p>&nbsp;<\/p>\n<h2 style=\"text-align: center;\"><a href=\"http:\/\/halsnoydokk.no\/wp-content\/uploads\/2026\/02\/Prosjektleder-Formann-Stal-2026.jpg\">Prosjektleder\/Formann St\u00e5l<\/a><\/h2>\n<h2 style=\"text-align: center;\"><a href=\"http:\/\/halsnoydokk.no\/wp-content\/uploads\/2026\/02\/Rorformann-2026.jpg\">R\u00f8rformann<\/a><\/h2>\n<h2 style=\"text-align: center;\"><a href=\"http:\/\/halsnoydokk.no\/wp-content\/uploads\/2026\/02\/Innkjoper-2026.jpg\">Innkj\u00f8per<\/a><\/h2>\n<h2 style=\"text-align: center;\"><a href=\"http:\/\/halsnoydokk.no\/wp-content\/uploads\/2026\/02\/Okonomikonsulent-Controller-2026.jpg\">\u00d8konomikonsulent\/Controller<\/a><\/h2>\n<h2 style=\"text-align: center;\"><a href=\"http:\/\/halsnoydokk.no\/wp-content\/uploads\/2026\/02\/Dokkoperator-Kranforer-2026.jpg\">Dokkoperat\u00f8r\/kranf\u00f8rer<\/a><\/h2>\n<h2 style=\"text-align: center;\"><a href=\"http:\/\/halsnoydokk.no\/wp-content\/uploads\/2026\/02\/Laerlinger-2026-1.jpg\">L\u00e6rlinger<\/a><\/h2>\n<p>&nbsp;<\/p>\n<h2 style=\"text-align: center;\">&nbsp;<\/h2>\n<p>&nbsp;<\/p>\n<p>&nbsp;<\/p>\n<p style=\"text-align: center;\">For fullstendig stillingsutlysing, klikk p\u00e5 stilling ovenfor.<\/p>\n<p style=\"text-align: center;\">S\u00f8kere b\u00f8r v\u00e6re utadvendt, serviceinnstilt og resultatorientert. Vi kan tilby konkurransedyktige betingelser samt muligheten til \u00e5 v\u00e6re med \u00e5 bygge opp et \u00e5pent, positivt og kreativt verftsmilj\u00f8.<\/p>\n<p style=\"text-align: center;\"><img loading=\"lazy\" class=\"alignnone size-large wp-image-265\" src=\"http:\/\/halsnoydokk.no\/wp-content\/uploads\/2013\/12\/annonse-btm-800x69.jpg\" alt=\"annonse btm\" width=\"625\" height=\"53\" srcset=\"http:\/\/halsnoydokk.no\/wp-content\/uploads\/2013\/12\/annonse-btm-800x69.jpg 800w, http:\/\/halsnoydokk.no\/wp-content\/uploads\/2013\/12\/annonse-btm-400x34.jpg 400w, http:\/\/halsnoydokk.no\/wp-content\/uploads\/2013\/12\/annonse-btm-624x54.jpg 624w\" sizes=\"(max-width: 625px) 100vw, 625px\" \/><\/p>\n<!-- AddThis Advanced Settings generic via filter on the_content -->","protected":false},"excerpt":{"rendered":"<p>&nbsp; HALSN\u00d8Y DOKK AS S\u00d8KER: &nbsp; Prosjektleder\/Formann St\u00e5l R\u00f8rformann Innkj\u00f8per \u00d8konomikonsulent\/Controller Dokkoperat\u00f8r\/kranf\u00f8rer L\u00e6rlinger &nbsp; &nbsp; &nbsp; &nbsp; For fullstendig stillingsutlysing, klikk p\u00e5 stilling ovenfor. S\u00f8kere b\u00f8r v\u00e6re utadvendt, serviceinnstilt og resultatorientert. Vi kan tilby konkurransedyktige betingelser samt muligheten til \u00e5 v\u00e6re med \u00e5 bygge opp et \u00e5pent, positivt og kreativt verftsmilj\u00f8.<!-- AddThis Advanced Settings generic via filter on get_the_excerpt --><\/p>\n","protected":false},"author":1,"featured_media":0,"parent":0,"menu_order":0,"comment_status":"closed","ping_status":"open","template":"","meta":{"ngg_post_thumbnail":0},"_links":{"self":[{"href":"http:\/\/halsnoydokk.no\/index.php?rest_route=\/wp\/v2\/pages\/258"}],"collection":[{"href":"http:\/\/halsnoydokk.no\/index.php?rest_route=\/wp\/v2\/pages"}],"about":[{"href":"http:\/\/halsnoydokk.no\/index.php?rest_route=\/wp\/v2\/types\/page"}],"author":[{"embeddable":true,"href":"http:\/\/halsnoydokk.no\/index.php?rest_route=\/wp\/v2\/users\/1"}],"replies":[{"embeddable":true,"href":"http:\/\/halsnoydokk.no\/index.php?rest_route=%2Fwp%2Fv2%2Fcomments&post=258"}],"version-history":[{"count":80,"href":"http:\/\/halsnoydokk.no\/index.php?rest_route=\/wp\/v2\/pages\/258\/revisions"}],"predecessor-version":[{"id":879,"href":"http:\/\/halsnoydokk.no\/index.php?rest_route=\/wp\/v2\/pages\/258\/revisions\/879"}],"wp:attachment":[{"href":"http:\/\/halsnoydokk.no\/index.php?rest_route=%2Fwp%2Fv2%2Fmedia&parent=258"}],"curies":[{"name":"wp","href":"https:\/\/api.w.org\/{rel}","templated":true}]}}